. What is the units digit of d(n)?
6
Let f(j) = -j + 58. Let o be f(16). Suppose -p = p - 5*k + 14, -3*p - o = 3*k. What is the units digit of (11 + p + 19 + 0)*7?
6
Suppose w - 7198 = 3*l, -3*w + 5*l + 13709 + 7877 = 0. What is the thousands digit of w?
7
Let l = -593 - -594. Let u(d) = 1692*d**3 + d - 1. What is the units digit of u(l)?
2
What is the ten thousands digit of -97139*((15/(-21) - -1) + 99/(-231))?
1
Suppose 2*h = -2, 0 = -2*r - 2*h - 2 + 6. Suppose 0 = -y - 2*b + 55 + 31, 4*b - 252 = -r*y. Let g = y - 15. What is the tens digit of g?
6
Let i = 38262 + -35978. What is the thousands digit of i?
2
What is the units digit of 18/(-7 - (-3 + 69370/(-17339)))?
3
Suppose -3782808 = 30*q - 129*q - 67*q. What is the thousands digit of q?
2
What is the thousands digit of ((-112)/1064 - (-42)/38)/((-1)/(-3919))?
3
Let g(o) = 122*o + 70. Let p be g(8). Suppose 0 = -3*s - b + 2787, -s - 3*b = 117 - p. What is the tens digit of s?
2
What is the tens digit of ((-1)/(-4)*0)/(3 - -1) + 85778?
7
Suppose -2631*h = -2630*h - 2684. What is the tens digit of h?
8
Let p(u) be the second derivative of -19*u**3/6 + 13*u**2/2 + 8*u. Let o be p(10). Let v = -122 - o. What is the tens digit of v?
5
Suppose -632523 = 346*p - 415*p. What is the tens digit of p?
6
Suppose -i + 13982 = 2*l, 2*l + 5*i + 34985 = 7*l. What is the units digit of l?
3
Suppose 5*c - 5*n = 20926 + 2044, -4*c + 3*n + 18371 = 0. What is the thousands digit of c?
4
Let m(r) = -r + 1. Let q be m(1). Let n(z) be the second derivative of z**4/12 + z**3/6 + 38*z**2 - 63*z. What is the tens digit of n(q)?
7
Suppose 28*s - 382 = 27*s. Suppose -18*d + 17*d + s = 4*n, 4*n = 2*d - 812. What is the hundreds digit of d?
3
Suppose -5*q = -12*q + 35. What is the hundreds digit of 4/(-10) + 2137/q?
4
Let k = 168 - 103. Suppose 0 = -2*i + 2*y + 3*y + k, 119 = 5*i + 2*y. Suppose 3*z - 8 = i. What is the units digit of z?
1
Let m be 49 + (-11 - -5)*2/(-4). Let t = m - -32. Let w = t - -53. What is the hundreds digit of w?
1
Let w(k) = 1066*k**2 + 5*k + 1. Suppose -9*q - 4 = -5*q. What is the units digit of w(q)?
2
Let w(g) = g**3 + 26*g**2 + 16*g + 11. Let q(t) = -2*t + 39. Let i be q(32). What is the hundreds digit of w(i)?
2
What is the ten thousands digit of ((-14)/(-2)*(-47 + 588))/((-3)/(-57))?
7
Let j(n) = 919*n + 2421. What is the units digit of j(23)?
8
Suppose -2*a - 2*z = -7*a + 9, 3*a = 2*z + 3. Suppose 0 = -5*m + a*o + 8489, -2*o = 4*m + 3258 - 10058. What is the units digit of m?
9
Let h be 1/2 + 2244/8. Suppose -m = -5*a - 0*m + h, -2*m - 163 = -3*a. What is the units digit of a?
7
Let x = 1371 - -497. Let o = 2629 - x. What is the tens digit of o?
6
Let a(x) = -2*x**3 - 11*x**2 - 3*x - 101. What is the hundreds digit of a(-13)?
4
Suppose -p - 4*x = 23, p - 6*p - 31 = -x. Let g(a) = -51*a**3 - 6*a + 50*a**3 + 30 - 8*a**2 - 3. What is the units digit of g(p)?
0
Let x = -7685 + 13324. What is the thousands digit of x?
5
Suppose 43*d - 552881 = -62*d - 28*d. What is the tens digit of d?
5
Let n = 5683 - 3941. Let i = -1193 + n. What is the units digit of i?
9
Let p(u) = 41*u**2 - 16*u + 51. Let f be p(5). Suppose 1183 = -f*j + 1003*j. What is the hundreds digit of j?
1
Suppose -47 = -3*d + 133. Let u be ((-2)/(-12) - (-20)/d)*-2. What is the units digit of (u - -2)/(-4) + (-377)/(-4)?
4
Let s = 10697 + -2696. What is the thousands digit of s?
8
Suppose 14*o + 132144 = 30*o - 0*o. What is the units digit of o?
9
Suppose -1053 = -17*z + 1922. Suppose -z*n = -179*n + 3012. What is the units digit of n?
3
Suppose -6*o = 27*o - 8*o - 48675. What is the tens digit of o?
4
Suppose -f + 5*p = -7785, 4*f - 31035 = 1737*p - 1732*p. What is the thousands digit of f?
7
Let a = -251 + 254. Suppose -a*w - 5*d = -1712, 3*w = 3*d + 960 + 768. What is the tens digit of w?
7
Suppose 62340 = 11*d - 59705. What is the hundreds digit of d?
0
Suppose 16*l = 15*l - 2*u + 3651, -2*l + 3*u + 7337 = 0. What is the thousands digit of l?
3
Suppose -10 = -3*b + 11*l - 15*l, -b = -3*l + 14. What is the units digit of (-948324)/(-1196) - b/23?
3
Let h = 52015 - 21365. What is the ten thousands digit of h?
3
Let w be 13839/(-63) - (-4)/(36/15). Suppose -2*y - 328 = 2*y. Let r = y - w. What is the units digit of r?
6
Let b(a) = 144*a - 330. Suppose 0 = n + 4, -2*t = -0*t + 2*n - 6. What is the tens digit of b(t)?
7
Let b = 114 - 111. Let k be (-774)/90 - b/(-5). What is the hundreds digit of (4/k*1)/(6/(-2844))?
2
Suppose 5*b + 1923 + 1092 = 0. What is the tens digit of (16 - 17)*(b - -2)?
0
Let b = 36 + -39. Let u be (0/b)/(-3) - -2. Suppose u*k + 252 = 6*k - 2*c, -3*c = 2*k - 142. What is the tens digit of k?
6
Let s be 94/(-14) + -4*(-4)/(-56). What is the units digit of (18/(-12))/(s/2 + 3)?
3
Let w be 3 + (-3)/3 - (-2 - 0). Suppose 3*x - w*z + 26 = -8, 4*x + z = -39. Let h(p) = 2*p**2 - 5*p - 24. What is the tens digit of h(x)?
2
Let u = -170 - -174. Suppose -u*w + 24*w - 3860 = 0. What is the hundreds digit of w?
1
Suppose 10*h - 14552 = 23298. What is the hundreds digit of h?
7
Let v be (18 - 16)*1/(-4)*1370. Let l = 1367 + v. What is the hundreds digit of l?
6
Let j = -561 - -189. Suppose t + 560 = 4*n, -18*n + 13*n = 4*t + 2198. Let y = j - t. What is the tens digit of y?
8
Suppose 104*j - 108*j - 3*r - 123 = 0, 2*r = j + 28. What is the units digit of (-10)/(j/(-21))*4*-13?
4
Suppose 8*l - 11*l = -57. Let v = 99 + -62. Let z = v + l. What is the tens digit of z?
5
Let o(n) = 3*n**3 + 141*n**2 + 198*n + 56. What is the units digit of o(-41)?
6
Let a = 26 - 22. Let v(s) = s**2 - 4*s + 2. Let k be v(a). Suppose -4*h + k*j + 240 = 0, 5*h - 211 = 4*j + 89. What is the tens digit of h?
6
What is the thousands digit of (30398 - -53) + (-14)/21*(-42)/(-4)?
0
Let x(t) = -8*t - 18. Let r be x(8). Let s be 17567/143 - (-8)/52. Let g = r + s. What is the units digit of g?
1
Let n be (-2)/4 - (-13614)/4. Suppose -5*w + 1727 = 3*u, 3*w - 1110 + n = 4*u. What is the tens digit of u?
7
Let c(a) = a - 1. Let l(b) = 3*b + 4. Let r(i) = 2*c(i) - l(i). Let y be r(-6). Suppose 3*t = 3*u - 5*u + 240, 5*t + 4*u - 402 = y. What is the tens digit of t?
7
Suppose 0 = 58*j + 19*j - 662585. What is the hundreds digit of j?
6
Suppose -t + 5*a + 809 = 106, 2*t - 2*a - 1390 = 0. Suppose t = 3*f - 477. Let g = -189 + f. What is the units digit of g?
1
What is the hundreds digit of (100/250)/((-1842756)/460690 - (-2 + -2))?
0
Let h = 8864 - 4313. What is the units digit of h?
1
Let t(z) = 21*z**2 - z + 3. Let c(l) = -41*l**2 + 2*l - 6. Let k(n) = 6*c(n) + 13*t(n). Let f = 117 - 115. What is the hundreds digit of k(f)?
1
Suppose 12*j = 14*j - 14771 - 20877. What is the tens digit of j?
2
Let b(x) = 31*x**3 + 17*x**2 + 23 - 6*x + 2*x - 2*x - 30*x**3. Let i be b(-17). Suppose -5*h - p + 552 = 0, -20 = h + 2*p - i. What is the tens digit of h?
1
Let s(b) = -28*b + 60. Let z(u) = -28*u + 65. Let p(f) = 7*s(f) - 6*z(f). What is the tens digit of p(-11)?
3
Suppose 5*d - 113 = 9*d - 3*p, -2*d - 84 = 4*p. What is the units digit of 23366/30 - d/240?
9
Let k be (-1 - 3)/(-4) - (-200)/(-8). What is the hundreds digit of ((-1161)/(-12))/(k/(-64))?
2
Suppose 0 = 10*h + 161 - 171, 2*y - 80813 = -5*h. What is the thousands digit of y?
0
Suppose -4*r - c = -2*c - 3215, 3*r + 3*c = 2415. Suppose -18*d + 528 = -r. What is the tens digit of d?
7
Let w = 458 + -284. What is the hundreds digit of 2 + -1 - (1 - w)?
1
What is the hundreds digit of -1*(-22 - (19603 - 5))?
6
Let u(d) = d**3 + 9*d**2 - 4*d - 29. Let b be (-33)/3 - -2 - 0/(-2). Let z be u(b). Suppose 3 = -z*l + 31. What is the units digit of l?
4
Suppose -167*l + 228*l = 401380. What is the units digit of l?
0
Let z(q) = 674*q**2 - 7*q - 107. What is the ten thousands digit of z(-5)?
1
Suppose 5*a - 33410 = -5*f, 26723 = 4*a + 7*f - 8*f. What is the thousands digit of a?
6
What is the thousands digit of -5 + ((-52)/(-4) - -7092)?
7
Suppose -95*q = -104*q + 45. Suppose -q*c = 5*i - 44 - 3426, 0 = -4*c - i + 2773. What is the tens digit of c?
9
Suppose -5*u + 80 = -3*n + 24, -5*n - 80 = 5*u. Let c(q) = 22*q - 3 + 5*q**2 - 3*q**2 + 14 - 1. What is the units digit of c(n)?
4
Let d = 95 + -93. Suppose -9*a + d*a - 910 = 0. Let k = -116 - a. What is the tens digit of k?
1
Let q be 12/(-20) - 18/(-5). Let d(h)